 380?
True
Does 4 divide 282475774?
False
Does 15 divide 1195239046?
False
Is 8 a factor of 191973216?
True
Is 95598922 a multiple of 2?
True
Is 477060128 a multiple of 887?
False
Does 2494 divide 44973254?
False
Does 78 divide 76085880?
True
Is 62 a factor of 1154850936?
True
Is 2013 a factor of 598639689?
False
Does 1844 divide 14770440?
True
Is 4 a factor of 57775235?
False
Is 2687547224 a multiple of 65?
False
Does 26 divide 2305612556?
True
Does 64 divide 322156286?
False
Does 195 divide 63486645?
False
Does 54 divide 10229706?
True
Does 13 divide 21879951?
False
Is 21 a factor of 125655432?
True
Is 110987688 a multiple of 434?
True
Is 11 a factor of 365033171?
False
Is 85573325 a multiple of 5?
True
Is 1037472600 a multiple of 74?
True
Is 10 a factor of 6629060?
True
Is 14495939 a multiple of 588?
False
Is 20 a factor of 12419420?
True
Does 176 divide 706718848?
True
Is 7 a factor of 257338368?
True
Does 135 divide 72395461?
False
Does 369 divide 50912406?
True
Does 265 divide 181259205?
True
Is 815689361 a multiple of 696?
False
Is 5 a factor of 193343235?
True
Is 120 a factor of 18676304?
False
Does 2076 divide 75285354?
False
Does 98 divide 46124582?
True
Is 5968786 a multiple of 2?
True
Is 132470493 a multiple of 413?
False
Is 35223580 a multiple of 20?
True
Does 666 divide 8838486?
True
Is 36 a factor of 703720657?
False
Does 18 divide 60196809?
False
Is 151772589 a multiple of 113?
False
Is 1446 a factor of 21010380?
True
Is 183 a factor of 22594408?
False
Is 48810039 a multiple of 2607?
False
Does 109 divide 11930486?
True
Is 143233475 a multiple of 275?
True
Is 242783402 a multiple of 3839?
False
Is 44 a factor of 138435465?
False
Is 45 a factor of 24736365?
True
Is 10 a factor of 137112100?
True
Does 420 divide 8822762?
False
Is 7 a factor of 3354897?
True
Is 118247042 a multiple of 226?
True
Is 151491992 a multiple of 32?
False
Is 1479 a factor of 18750915?
False
Does 5735 divide 1812539540?
False
Is 159 a factor of 64293717?
True
Does 179 divide 3433757?
True
Is 483160503 a multiple of 411?
True
Is 36783900 a multiple of 833?
False
Is 66 a factor of 24933150?
True
Is 23 a factor of 6697232?
True
Does 10 divide 392776157?
False
Does 70 divide 45200373?
False
Is 100 a factor of 42151200?
True
Does 2770 divide 31109722?
False
Is 32 a factor of 28689536?
True
Is 15 a factor of 3566448?
False
Does 41 divide 7863033164?
False
Is 33542208 a multiple of 188?
True
Does 341 divide 494324152?
False
Does 23 divide 136764325?
True
Does 731 divide 119475122?
False
Does 88 divide 1783038136?
True
Is 690836860 a multiple of 2170?
True
Is 16 a factor of 147578368?
True
Is 240465876 a multiple of 14?
True
Is 51871486 a multiple of 18?
False
Is 159347743 a multiple of 1342?
False
Is 117485992 a multiple of 82?
True
Is 6618 a factor of 250544244?
True
Is 1531 a factor of 489858686?
False
Is 1251 a factor of 173752041?
False
Is 1027 a factor of 448934564?
True
Is 322008622 a multiple of 1970?
False
Is 52640183 a multiple of 882?
False
Does 7 divide 9221049?
False
Is 298 a factor of 9718763?
False
Is 32385595 a multiple of 187?
True
Does 14 divide 175923053?
False
Is 3 a factor of 38566968?
True
Is 19950354 a multiple of 369?
True
Is 59247184 a multiple of 2628?
False
Is 6197580 a multiple of 2070?
True
Is 1935 a factor of 506704967?
False
Does 76 divide 984544655?
False
Is 15381411 a multiple of 394?
False
Is 1706 a factor of 2921093248?
False
Is 2 a factor of 108406121?
False
Is 7 a factor of 4111870?
True
Is 92 a factor of 36317184?
True
Does 1691 divide 59533346?
True
Does 214 divide 34290893?
False
Is 60 a factor of 161742420?
True
Is 30591561 a multiple of 209?
False
Does 2519 divide 32958226?
False
Does 19 divide 50348689?
True
Is 57243402 a multiple of 1875?
False
Does 49 divide 1208566429?
True
Is 45 a factor of 89592667?
False
Does 375 divide 2319705269?
False
Is 399506145 a multiple of 93?
True
Is 377 a factor of 727735735?
False
Does 7 divide 15061102?
True
Does 1146 divide 1004087382?
True
Is 779 a factor of 156557188?
True
Is 16882463 a multiple of 5?
False
Does 1437 divide 32168682?
True
Is 712267112 a multiple of 1438?
False
Is 265900491 a multiple of 42?
False
Is 3588672 a multiple of 64?
True
Is 4184550 a multiple of 450?
True
Does 33 divide 850476?
True
Does 479 divide 23736458?
False
Does 59 divide 5711014976?
True
Is 499377516 a multiple of 66?
True
Is 6 a factor of 227067834?
True
Does 444 divide 123363180?
True
Does 60 divide 99316080?
True
Is 1588965964 a multiple of 1699?
True
Does 26 divide 156910?
True
Is 1126677953 a multiple of 1646?
False
Is 747 a factor of 16123248?
True
Does 33 divide 31485960?
True
Is 204184385 a multiple of 4204?
False
Is 153 a factor of 918473229?
True
Is 85840497 a multiple of 338?
False
Is 1594301233 a multiple of 150?
False
Is 176479619 a multiple of 482?
False
Does 16 divide 42509421?
False
Is 6246838 a multiple of 21?
False
Is 6375495 a multiple of 7?
True
Is 11 a factor of 51457077?
False
Is 482817401 a multiple of 803?
True
Is 48 a factor of 269341137?
False
Is 6442 a factor of 1466501974?
True
Does 38 divide 2543020724?
True
Is 12 a factor of 73191658?
False
Is 311 a factor of 346104125?
True
Is 15 a factor of 91583248?
False
Does 20 divide 16432349?
False
Is 3650755550 a multiple of 6110?
True
Is 27718233 a multiple of 5?
False
Does 90 divide 548212541?
False
Is 21 a factor of 69332524?
False
Is 2631 a factor of 36794535?
True
Is 27534501 a multiple of 70?
False
Does 22 divide 349820975?
False
Is 2224352 a multiple of 4?
True
Does 2153 divide 21163990?
True
Is 119 a factor of 507139083?
False
Does 17 divide 692604310?
True
Is 44940140 a multiple of 145?
True
Does 16 divide 13471409?
False
Is 4187019871 a multiple of 4106?
False
Is 376497191 a multiple of 720?
False
Is 240 a factor of 36962880?
True
Is 9983736 a multiple of 568?
True
Does 115 divide 1561018304?
False
Does 12 divide 390590160?
True
Does 11 divide 162011718?
True
Is 372 a factor of 1243134806?
False
Is 117598530 a multiple of 735?
True
Is 4 a factor of 2143996?
True
Is 126 a factor of 47327476?
False
Does 8 divide 142365217?
False
Does 192 divide 1439432064?
True
Does 1271 divide 59871726?
True
Is 170216623 a multiple of 109?
False
Is 49 a factor of 809079727?
False
Is 9 a factor of 2738781?
True
Is 52 a factor of 731973947?
False
Is 68 a factor of 36279617?
False
Does 782 divide 126594535?
False
Is 18 a factor of 81318084?
False
Is 490491150 a multiple of 1198?
True
Is 20710922 a multiple of 978?
False
Does 228 divide 1672523957?
False
Does 590 divide 941284230?
True
Is 90 a factor of 968529304?
False
Is 1590311702 a multiple of 1743?
False
Is 178 a factor of 62440981?
False
Does 2495 divide 243649225?
True
Is 210 a factor of 387834720?
True
Is 528 a factor of 76618608?
True
Is 33 a factor of 645874647?
True
Is 179816736 a multiple of 47?
True
Is 168846720 a multiple of 510?
True
Does 7189 divide 1789557051?
False
Is 142 a factor of 9770079?
False
Is 471468862 a multiple of 3582?
False
Does 3370 divide 4125762526?
False
Is 25 a factor of 397094?
False
Is 6 a factor of 15668160?
True
Does 24 divide 37399566?
False
Does 15 divide 339438730?
False
Does 209 divide 82937888?
True
Is 281 a factor of 4079516?
False
Is 19 a factor of 3247567248?
True
Does 331 divide 12292041?
False
Is 3692028312 a multiple of 26?
False
Is 347843832 a multiple of 1004?
True
Is 5 a factor of 10839440?
True
Does 59 divide 178896791?
True
Is 16 a factor of 57293406?
False
Is 41356312 a multiple of 200?
False
Does 15 divide 41176875?
True
Does 17 divide 21696145?
False
Does 81 divide 655468557?
False
Is 20277430 a multiple of 3077?
True
Is 19063203 a multiple of 557?
False
Does 128 divide 927344807?
False
Is 108 a factor of 8079588?
True
Does 209 divide 90943543?
False
Does 3780 divide 394601760?
True
Does 108 divide 21379420?
False
Is 228 a factor of 1849390927?
False
Is 48 a factor of 439742106?
False
Does 88 divide 19768384?
False
Is 1989888177 a multiple of 3435?
False
Is 4964850 a multiple of 18?
True
Is 39 a factor of 851569953?
True
Is 581541683 a multiple of 2461?
True
Is 66 a factor of 1747520477?
False
Is 1275 a factor of 2690093175?
True
Does 503 divide 216037997?
True
Is 1613449964 a multiple of 19?
False
Is 12 a factor of 870496538?
Fa